) = -426*p - 1697. Calculate b(-4).
7
Let v(u) = -57*u - 1067. Calculate v(-19).
16
Let o(p) = -p**2 - 84*p - 1540. What is o(-59)?
-65
Let q(t) = -t**3 + 97*t**2 - 96*t + 11. Give q(96).
11
Let b(u) = -u**3 + 4*u**2 + 67*u - 264. What is b(4)?
4
Let y(s) = 16*s**3 - 225*s**2 + 20*s - 89. Calculate y(14).
-5
Let a(w) = -4*w - 51. Determine a(-19).
25
Let a(f) = -6*f - 92. Give a(-27).
70
Let l(y) = -379*y**3 - 3*y**2 + 7*y - 3. What is l(1)?
-378
Let h(m) = 32*m**2 + 7*m + 1. Determine h(1).
40
Let v(m) = -m**2 + 55*m + 6732. What is v(-59)?
6
Let u(v) = -2*v**2 + 42*v - 49. Give u(18).
59
Let d(o) = o**3 + 76*o**2 + 351*o - 275. Calculate d(-71).
9
Let m(c) = -c**3 + 3*c**2 + 78*c - 11. Give m(-8).
69
Let n(q) = 6*q**2 + 77*q + 161. Give n(-9).
-46
Let l(d) = 68*d - 323. What is l(4)?
-51
Let i(x) = -197*x + 1659. Calculate i(10).
-311
Let v(h) = 30*h - 1321. Give v(45).
29
Let n(w) = -w**3 + 9*w**2 - 5*w - 57. Determine n(-6).
513
Let a(t) = 14*t**2 + 3*t + 2. Give a(1).
19
Let c(r) = -r**3 - 49*r**2 + 20*r + 1379. Give c(-49).
399
Let q(f) = f**2 - 32*f + 120. Determine q(8).
-72
Let q(w) = 12*w - 214. Determine q(17).
-10
Let j(z) = -4474*z - 58206. Give j(-13).
-44
Let b(t) = -181*t - 1945. Calculate b(-11).
46
Let k(c) = -528*c - 2639. Determine k(-5).
1
Let g(y) = -y**2 + 187*y + 20673. Give g(-78).
3
Let n(p) = -p**3 - 24*p**2 + 75*p - 168. Calculate n(-27).
-6
Let n(d) = -433*d + 1263. Give n(3).
-36
Let g(d) = 457*d**2 - 5016*d. Give g(11).
121
Let k(n) = 3*n**2 + 19*n - 382. Give k(-15).
8
Let h(x) = -70*x**2 + 17*x - 47. What is h(3)?
-626
Let d(a) = a**3 + a**2 + 2*a - 231. Calculate d(0).
-231
Let k(n) = n**2 - 31*n - 117. Give k(33).
-51
Let f(w) = 2*w**3 + 27*w**2 - 48*w - 493. Determine f(-14).
-17
Let i(k) = -k**3 - 50*k**2 - 104*k - 68. Calculate i(-48).
316
Let o(i) = 111*i - 611. Give o(3).
-278
Let h(w) = -64*w + 22274. What is h(348)?
2
Let d(c) = 2*c**3 - 12*c**2 + 24*c. Give d(5).
70
Let c(s) = 166*s - 1485. Calculate c(14).
839
Let u(x) = 2*x**3 + 87*x**2 + 948*x + 100. Calculate u(-23).
-15
Let s(o) = 2*o**2 - 58*o - 108. Calculate s(32).
84
Let q(a) = a**3 + 54*a**2 + 288*a - 16. Give q(-48).
-16
Let s(y) = y - 990. What is s(-24)?
-1014
Let s(t) = -51*t - 12660. Give s(-248).
-12
Let h(v) = 5*v**3 - 48*v**2 + 93*v + 7. Determine h(7).
21
Let n(j) = 18*j + 283. Calculate n(-18).
-41
Let f(j) = -2*j**3 - 3*j**2 + 14*j + 19. Determine f(-4).
43
Let d(p) = -p - 45. What is d(-43)?
-2
Let z(y) = 7*y**3 + 5*y**2 - 56*y - 234. Give z(-5).
-704
Let y(b) = -14*b**2 - 363*b + 40. Give y(-26).
14
Let g(x) = -74*x - 997. Give g(-14).
39
Let u(n) = -562*n + 4506. Determine u(8).
10
Let m(v) = -29*v**2 + 54*v - 238. What is m(4)?
-486
Let c(x) = -6*x**2 - 9*x + 19. Calculate c(3).
-62
Let n(r) = r**2 - 71*r + 1194. Calculate n(25).
44
Let k(n) = -2*n**3 - 8*n**2 - 9*n. Calculate k(-1).
3
Let o(d) = d**3 + 2*d**2 + d - 1. Calculate o(-2).
-3
Let f(v) = 38*v**2 + 154*v + 16. Give f(-4).
8
Let h(a) = -4*a**3 - 218*a**2 + 333*a - 149. What is h(-56)?
19
Let c(j) = -3*j**2 + 54*j + 170. Give c(21).
-19
Let d(x) = -x**3 + 104*x**2 + 209*x + 319. Give d(106).
1
Let v(m) = -m**3 - 3*m**2 - m - 53. What is v(-5)?
2
Let t(y) = -103*y - 11672. What is t(-113)?
-33
Let n(s) = s**3 + 17*s**2 + 2*s + 15. Determine n(-18).
-345
Let w(a) = 8*a**2 + 148*a + 191. Determine w(-17).
-13
Let i(t) = -2*t**2 + 19*t - 16. Calculate i(7).
19
Let h(m) = 3*m**3 + 6*m**2 + 7*m + 12. Calculate h(-5).
-248
Let b(h) = -166*h - 9973. Calculate b(-60).
-13
Let v(j) = 31*j - 122. Determine v(5).
33
Let k(v) = 2*v**3 + 52*v**2 - 25*v - 632. Determine k(-26).
18
Let d(g) = -201*g**2 + 15476*g + 83. Calculate d(77).
6
Let q(b) = b**2 - 23*b - 29. Give q(13).
-159
Let k(h) = 15*h**2 + 8*h + 8. Calculate k(2).
84
Let j(v) = -v**2 - 235*v + 3476. Give j(14).
-10
Let l(t) = -t**2 + 63*t - 5. What is l(63)?
-5
Let i(a) = -a**3 - 23*a**2 + 14*a + 279. Give i(-23).
-43
Let v(l) = 10*l**2 - 37*l + 7. What is v(6)?
145
Let h(a) = 3*a**2 + 386*a - 14854. What is h(31)?
-5
Let g(z) = -33*z**2 - 33*z + 328. Give g(6).
-1058
Let o(z) = 13*z + 363. Calculate o(-32).
-53
Let u(o) = -o**3 + 3*o**2 + 43*o + 14. Calculate u(6).
164
Let a(u) = u**3 + 2*u**2 - 20*u - 107. Give a(0).
-107
Let l(o) = -o**2 - 98*o + 155. Calculate l(0).
155
Let o(s) = 226*s**2 - 79*s - 79. Determine o(-1).
226
Let f(g) = g**2 - 50*g - 460. Determine f(-8).
4
Let o(a) = -3*a**3 + 290*a**2 + 89*a + 776. Calculate o(97).
0
Let i(v) = v + 31. Calculate i(-44).
-13
Let u(t) = -2*t**2 - 11*t - 1. What is u(-6)?
-7
Let x(q) = 71*q - 5308. What is x(75)?
17
Let b(j) = -j**2 + 30*j - 124. Determine b(9).
65
Let k(r) = -2*r**3 + 19*r**2 + 16*r + 3. What is k(9)?
228
Let t(g) = g**3 - 9*g**2 + 7*g - 63. Determine t(8).
-71
Let u(a) = -475*a - 1486. Calculate u(-3).
-61
Let g(p) = -61*p**2 + 182*p + 13. Calculate g(3).
10
Let r(i) = -3*i**2 - 207*i + 11342. Determine r(-105).
2
Let g(f) = -15*f**3 - 99*f**2 + 44*f + 8. What is g(-7)?
-6
Let r(o) = o**3 + 16*o**2 - 956*o - 59. Calculate r(24).
37
Let m(o) = -75*o**2 - 8*o - 6. Calculate m(-1).
-73
Let c(u) = u**3 - 39*u**2 - 373*u - 139. Calculate c(47).
2
Let f(c) = 12*c + 880. What is f(-75)?
-20
Let t(k) = 33*k - 3622. Give t(109).
-25
Let i(h) = -10*h - 470. Calculate i(-39).
-80
Let p(f) = -f**2 - 48*f + 1640. Calculate p(23).
7
Let f(q) = 2*q - 170. Determine f(-38).
-246
Let p(b) = -599*b + 8542. What is p(14)?
156
Let n(d) = d**2 + 75*d - 45. Give n(-76).
31
Let f(i) = -4*i**2 - 61*i + 115. What is f(-17)?
-4
Let y(f) = f**3 + 15*f**2 - 30*f - 231. Determine y(-16).
-7
Let k(s) = s**3 + 28*s**2 - 30*s - 218. Determine k(-29).
-189
Let j(k) = 96*k**2 - 3743*k - 45. Calculate j(39).
-6
Let r(s) = s**3 - 31*s**2 - 3*s + 96. Give r(31).
3
Let k(o) = -2*o + 75. Calculate k(-28).
131
Let i(x) = 34*x**3 - x**2 - 5*x + 5. Determine i(1).
33
Let g(s) = -12*s**3 - 234*s**2 - 115*s + 18. Determine g(-19).
37
Let u(s) = -272*s**2 - 1622*s - 13. What is u(-6)?
-73
Let l(v) = -2*v**2 + 123*v + 195. Determine l(63).
6
Let g(c) = 25*c**3 + 2*c**2 + c - 3. What is g(-2)?
-197
Let f(y) = -y**2 + 20*y - 72. Give f(15).
3
Let z(t) = 3*t**2 - 54*t + 256. Determine z(7).
25
Let r(t) = -1654*t + 13459. Give r(8).
227
Let n(x) = 18*x - 910. Determine n(40).
-190
Let s(n) = n**2 - 503*n - 5128. Determine s(-10).
2
Let h(q) = 55*q**2 - 1533*q - 205. Give h(28).
-9
Let t(f) = 7402*f + 103629. Determine t(-14).
1
Let r(z) = -11*z**2 + 8*z + 7. Determine r(6).
-341
Let o(t) = -96*t - 1280. What is o(-13)?
-32
Let n(i) = 4382*i - 4360. What is n(1)?
22
Let u(a) = 59*a**2 - a. Determine u(1).
58
Let n(v) = -7*v - 140. Calculate n(-21).
7
Let s(v) = -31*v - 249. Calculate s(-12).
123
Let t(y) = -41*y - 172. Give t(-14).
402
Let u(v) = v**3 + 58*v**2 - 62*v - 262. Give u(-59).
-85
Let n(m) = 15*m**2 - 220*m + 8. Calculate n(14).
-132
Let a(q) = 13*q + 155. Determine a(-14).
-27
Let m(v) = 559*v - 5593. Give m(10).
-3
Let b(n) = n**2 - 2*n - 11. Give b(5).
4
Let r(k) = 40*k - 1545. Determine r(39).
15
Let v(t) = -15*t - 22. Calculate v(-16).
218
Let c(p) = -23*p - 1403. What is c(-48)?
-299
Let x(n) = n**3 + 166*n**2 + 166*n + 159. Give x(-165).
-6
Let c(f) = 2*f**2 + 20*f + 24. What is c(-17)?
262
Let a(x) = 30*x**2 + 10*x. What is a(3)?
300
Let d(p) = -8*p + 506. Give d(60).
26
Let j(r) = 4*r**2 + 207*r + 341. Calculate j(-50).
-9
Let w(u) = -2*u**2 - 10*u + 361. Give w(11).
9
Let d(f) = -158*f**2 - 255*f - 255. What is d(-1)?
-158
Let f(m) = -7*m - 75. Determine f(-40).
205
Let r(k) = -k**3 - 60*k**2 + 4*k + 177. Give r(-60).
-63
Let c(s) = 10*s**3 + 4*s**2 + 2*s - 5. Give c(0).
-5
Let p(t) = -3*t**3 - 30*t**2 - 89*t + 14. What is p(-6)?
116
Let j(v) = 16859*v - 101158. What is j(6)?
-4
Let n(z) = -2*z**3 - 14*z**2 + 144*z + 947. What is n(-6)?
11
Let t(f) = -29*f - 321. Calculate t(-7).
-118
Let o(q) = 59*q - 296. Determine o(5).
-1
Let v(l) = -l**3 - 13*l**2 - 15*l - 327. Calculate v(-14).
79
Let n(s) = -115*s - 2135. Give n(-19).
50
Let u(n) = 4*n**3 - 25*n**2 + 45*n - 3. What is u(2)?
19
Let s(f) = 17*f - 11. Determine s(1).
6
Let h(o) = o**3 - 10*o**2 + 31*o - 130. What is h(5)?
-100
Let n(p) = p**2 + 2*p - 4163. Calculate n(63).
-68
Let p(m) = m**3 + 60*m**2 - 130*m - 95. Calcul